posite?
True
Is 114461 a prime number?
False
Is 1541 a prime number?
False
Is 5873 a prime number?
False
Is 1238149 a prime number?
False
Is 41749 prime?
False
Is 8491 prime?
False
Is 113343 a prime number?
False
Is 725789 a composite number?
False
Is 67679 composite?
False
Is 149269 composite?
False
Is 8372717 a composite number?
False
Is 1571513 a composite number?
False
Is 146957 prime?
False
Is 149 prime?
True
Is 6362341 a prime number?
True
Is 439 a composite number?
False
Is 16271 a composite number?
True
Is 611993 composite?
False
Is 103209 prime?
False
Is 279163 composite?
True
Is 7031 a prime number?
False
Is 388081 a prime number?
True
Is 27191 a prime number?
True
Is 34106 composite?
True
Is 540587 prime?
True
Is 82001 prime?
False
Is 45215 a prime number?
False
Is 26033 a prime number?
False
Is 1424627 prime?
False
Is 365771 composite?
True
Is 161201 a prime number?
True
Is 98497 a composite number?
True
Is 88909 composite?
True
Is 500029 prime?
True
Is 80111 composite?
False
Is 128143 a composite number?
True
Is 139831 a composite number?
False
Is 15191 composite?
True
Is 135017 prime?
True
Is 68294 prime?
False
Is 8887 prime?
True
Is 237137 prime?
True
Is 171991 a prime number?
False
Is 172643 prime?
True
Is 128746 composite?
True
Is 1955179 a prime number?
True
Is 379 a prime number?
True
Is 120151 prime?
False
Is 39313 prime?
True
Is 630194 a prime number?
False
Is 8431 a composite number?
False
Is 542641 a prime number?
False
Is 13238 a composite number?
True
Is 84647 a prime number?
False
Is 5141 a prime number?
False
Is 1199015 a prime number?
False
Is 78249 a prime number?
False
Is 38971 a composite number?
False
Is 1101 a prime number?
False
Is 171067 composite?
True
Is 74843 prime?
True
Is 2244961 a prime number?
False
Is 176017 a composite number?
False
Is 226667 prime?
False
Is 22519 prime?
False
Is 4571 prime?
False
Is 519067 a composite number?
False
Is 5839 a prime number?
True
Is 120041 a prime number?
True
Is 11777 prime?
True
Is 45239 prime?
False
Is 94811 a prime number?
True
Is 194657 a prime number?
False
Is 9127 prime?
True
Is 7419 a composite number?
True
Is 497 a prime number?
False
Is 144139 a composite number?
False
Is 22177 a composite number?
True
Is 6241 a prime number?
False
Is 1228231 a prime number?
False
Is 51971 composite?
False
Is 94727 a prime number?
True
Is 3109733 composite?
True
Is 8651 composite?
True
Is 55613 a composite number?
True
Is 95185 composite?
True
Is 30655 prime?
False
Is 3147 composite?
True
Is 32099 composite?
False
Is 10181 prime?
True
Is 267 a prime number?
False
Is 128449 prime?
True
Is 1477 prime?
False
Is 307 composite?
False
Is 17257 a composite number?
False
Is 29249 a composite number?
True
Is 307 composite?
False
Is 4127 a prime number?
True
Is 181657 composite?
True
Is 39539 a prime number?
False
Is 280777 composite?
True
Is 4547 composite?
False
Is 7855 composite?
True
Is 14507 prime?
False
Is 989623 a composite number?
False
Is 257 a composite number?
False
Is 438253 a composite number?
False
Is 852629 composite?
True
Is 5578 a prime number?
False
Is 45233 a composite number?
False
Is 241855 prime?
False
Is 371417 a composite number?
False
Is 26369 a composite number?
True
Is 23357 a composite number?
False
Is 333907 prime?
False
Is 4109 a prime number?
False
Is 497449 a prime number?
True
Is 3941 prime?
False
Is 2271 a composite number?
True
Is 235747 prime?
True
Is 1278983 composite?
False
Is 35723 composite?
True
Is 1347 prime?
False
Is 53987 composite?
False
Is 10427 a composite number?
False
Is 70877 composite?
False
Is 2402 prime?
False
Is 382843 prime?
True
Is 135719 a prime number?
True
Is 4709543 prime?
False
Is 18899 prime?
True
Is 3265 prime?
False
Is 6191 composite?
True
Is 467 a prime number?
True
Is 251 a composite number?
False
Is 2533 prime?
False
Is 205819 prime?
False
Is 704549 a composite number?
False
Is 63647 a composite number?
False
Is 61871 composite?
False
Is 17218 prime?
False
Is 2240845 prime?
False
Is 17554747 a prime number?
False
Is 60013 composite?
False
Is 538937 composite?
True
Is 3046 composite?
True
Is 233401 a prime number?
False
Is 24641 prime?
False
Is 760423 prime?
True
Is 67601 prime?
True
Is 5273 prime?
True
Is 2212799 a prime number?
False
Is 21241 prime?
False
Is 357103 composite?
False
Is 51257 composite?
False
Is 19457 a composite number?
False
Is 15245 prime?
False
Is 23379 prime?
False
Is 661855 prime?
False
Is 23183 composite?
True
Is 463579 a composite number?
False
Is 757 a composite number?
False
Is 150427 a composite number?
False
Is 146191 a prime number?
True
Is 14479 prime?
True
Is 276671 prime?
True
Is 26209 a prime number?
True
Is 334487 a prime number?
True
Is 205 a composite number?
True
Is 1112651 a composite number?
False
Is 6933 a prime number?
False
Is 5037181 a composite number?
False
Is 5227 a composite number?
False
Is 4135 prime?
False
Is 368647 composite?
False
Is 4999 composite?
False
Is 145279 composite?
True
Is 132499 a prime number?
True
Is 395 composite?
True
Is 8279 a composite number?
True
Is 26489 composite?
False
Is 3127 composite?
True
Is 813931 prime?
True
Is 156155 a composite number?
True
Is 2638 a composite number?
True
Is 18617 a prime number?
True
Is 3407 a prime number?
True
Is 47877 a composite number?
True
Is 67835 a composite number?
True
Is 371559 prime?
False
Is 2629 composite?
True
Is 312101 a prime number?
True
Is 143329 composite?
False
Is 4397 a composite number?
False
Is 156941 a prime number?
True
Is 23189 a composite number?
False
Is 401123 composite?
True
Is 5815 composite?
True
Is 27149 a prime number?
False
Is 14429 composite?
True
Is 102281 prime?
False
Is 12695 composite?
True
Is 586 a composite number?
True
Is 139861 prime?
True
Is 23915 a composite number?
True
Is 61563 a prime number?
False
Is 84679 composite?
True
Is 2420779 prime?
True
Is 43721 a prime number?
True
Is 45226 composite?
True
Is 3203 a composite number?
False
Is 453223 a composite number?
True
Is 69883 prime?
False
Is 10909 a prime number?
True
Is 180938 a composite number?
True
Is 108043 composite?
True
Is 85067 prime?
False
Is 46471 composite?
False
Is 147503 a composite number?
False
Is 273993 prime?
False
Is 29947 a prime number?
True
Is 16853 a prime number?
False
Is 1994 prime?
False
Is 199141 prime?
False
Is 26153 a composite number?
False
Is 310819 composite?
False
Is 117389 composite?
False
Is 31303 a prime number?
False
Is 12659 a prime number?
True
Is 31677 a prime number?
False
Is 4822 a prime number?
False
Is 86951 prime?
True
Is 300131 a prime number?
False
Is 865049 a prime number?
True
Is 314299 a composite number?
False
Is 59 a composite number?
False
Is 1771361 a prime number?
True
Is 25391 composite?
False
Is 515341 composite?
True
Is 328829 a composite number?
False
Is 1442377 composite?
False
Is 344417 a prime number?
True
Is 10831 prime?
True
Is 45233 a prime number?
True
Is 330251 composite?
True
Is 3389 a composite number?
False
Is 21883 a prime number?
False
Is 422353 a composite number?
False
Is 28901 prime?
True
Is 212621 prime?
False
Is 40577 composite?
False
Is 40949 a composite number?
False
Is 48157 composite?
False
Is 28697 composite?
False
Is 13961 composite?
True
Is 13571 a composite number?
True
Is 324293 prime?
True
Is 2897 prime?
True
Is 335623 a prime number?
False
Is 105457 prime?
False
Is 117659 prime?
True
Is 15223 prime?
False
Is 617801 composite?
False
Is 178219 prime?
False
Is 1914239 composite?
False
Is 278801 a prime number?
True
Is 6439 composite?
True
Is 51763 a composite number?
True
Is 368633 composite?
False
Is 1167289 composite?
False
Is 2333 prime?
True
Is 41381 prime?
True
Is 70429 composite?
False
Is 6761 prime?
True
Is 814238 composite?
True
Is 1740671 composite?
True
Is 9151 a prime number?
True
Is 866623 a composite number?
False
Is 24751 a prime number?
False
Is 908039 a composite number?
True
Is 42923 a prime number?
True
Is 44683 prime?
True
Is 1434011 prime?
True
Is 104581 composite?
True
Is 303395 a composite number?
True
Is 15127 prime?
False
Is 1499 a composite number?
False
Is 32701 a prime number?
False
Is 211711 composite?
False
Is 451481 a prime number?
True
Is 8254 composite?
True
Is 133771 a composite number?
True
Is 44297